[INFO] cloning repository https://github.com/daniel5151/aoc19
[INFO] running `Command { std: "git" "-c" "credential.helper=" "-c" "credential.helper=/workspace/cargo-home/bin/git-credential-null" "clone" "--bare" "https://github.com/daniel5151/aoc19" "/workspace/cache/git-repos/https%3A%2F%2Fgithub.com%2Fdaniel5151%2Faoc19", kill_on_drop: false }`
[INFO] [stderr] Cloning into bare repository '/workspace/cache/git-repos/https%3A%2F%2Fgithub.com%2Fdaniel5151%2Faoc19'...
[INFO] running `Command { std: "git" "rev-parse" "HEAD", kill_on_drop: false }`
[INFO] [stdout] d2619ee69aa2ca9b93353f1d0532258fb33f1757
[INFO] checking daniel5151/aoc19 against master#af3c6e733a40e671550e0f0f5aeecaa13772ba56 for pr-74989
[INFO] running `Command { std: "git" "clone" "/workspace/cache/git-repos/https%3A%2F%2Fgithub.com%2Fdaniel5151%2Faoc19" "/workspace/builds/worker-12/source", kill_on_drop: false }`
[INFO] [stderr] Cloning into '/workspace/builds/worker-12/source'...
[INFO] [stderr] done.
[INFO] validating manifest of git repo https://github.com/daniel5151/aoc19 on toolchain af3c6e733a40e671550e0f0f5aeecaa13772ba56
[INFO] running `Command { std: "/workspace/cargo-home/bin/cargo" "+af3c6e733a40e671550e0f0f5aeecaa13772ba56" "read-manifest" "--manifest-path" "Cargo.toml", kill_on_drop: false }`
[INFO] started tweaking git repo https://github.com/daniel5151/aoc19
[INFO] removed workspace from git repo https://github.com/daniel5151/aoc19
[INFO] removed path dependency intcode from git repo https://github.com/daniel5151/aoc19
[INFO] finished tweaking git repo https://github.com/daniel5151/aoc19
[INFO] tweaked toml for git repo https://github.com/daniel5151/aoc19 written to /workspace/builds/worker-12/source/Cargo.toml
[INFO] crate git repo https://github.com/daniel5151/aoc19 already has a lockfile, it will not be regenerated
[INFO] running `Command { std: "/workspace/cargo-home/bin/cargo" "+af3c6e733a40e671550e0f0f5aeecaa13772ba56" "fetch" "--locked" "--manifest-path" "Cargo.toml", kill_on_drop: false }`
[INFO] [stderr] warning: dependency (intcode) specified without providing a local path, Git repository, or version to use. This will be considered an error in future versions
[INFO] [stderr]     Blocking waiting for file lock on package cache
[INFO] [stderr]     Updating crates.io index
[INFO] [stderr] error: the lock file /workspace/builds/worker-12/source/Cargo.lock needs to be updated but --locked was passed to prevent this
[INFO] [stderr] If you want to try to generate the lock file without accessing the network, use the --offline flag.
[INFO] the lockfile is outdated, regenerating it
[INFO] running `Command { std: "/workspace/cargo-home/bin/cargo" "+af3c6e733a40e671550e0f0f5aeecaa13772ba56" "generate-lockfile" "--manifest-path" "Cargo.toml" "-Zno-index-update", kill_on_drop: false }`
[INFO] running `Command { std: "/workspace/cargo-home/bin/cargo" "+af3c6e733a40e671550e0f0f5aeecaa13772ba56" "fetch" "--locked" "--manifest-path" "Cargo.toml", kill_on_drop: false }`
[INFO] [stderr] warning: dependency (intcode) specified without providing a local path, Git repository, or version to use. This will be considered an error in future versions
[INFO] [stderr]     Blocking waiting for file lock on package cache
[INFO] running `Command { std: "docker" "create" "-v" "/var/lib/crater-agent-workspace/builds/worker-12/target:/opt/rustwide/target:rw,Z" "-v" "/var/lib/crater-agent-workspace/builds/worker-12/source:/opt/rustwide/workdir:ro,Z" "-v" "/var/lib/crater-agent-workspace/cargo-home:/opt/rustwide/cargo-home:ro,Z" "-v" "/var/lib/crater-agent-workspace/rustup-home:/opt/rustwide/rustup-home:ro,Z" "-e" "SOURCE_DIR=/opt/rustwide/workdir" "-e" "CARGO_TARGET_DIR=/opt/rustwide/target" "-e" "CARGO_HOME=/opt/rustwide/cargo-home" "-e" "RUSTUP_HOME=/opt/rustwide/rustup-home" "-w" "/opt/rustwide/workdir" "-m" "1610612736" "--user" "0:0" "--network" "none" "rustops/crates-build-env@sha256:d92eaeed33fa75130ca1ee6c8a01d1ffb62bac859dfdfb3450e3e5d1c0146529" "/opt/rustwide/cargo-home/bin/cargo" "+af3c6e733a40e671550e0f0f5aeecaa13772ba56" "metadata" "--no-deps" "--format-version=1", kill_on_drop: false }`
[INFO] [stdout] c6a24fd783b72ec1729c9b825e4b0310b2ebdf5ce25174097cd1776642cb348c
[INFO] [stderr] WARNING: Your kernel does not support swap limit capabilities or the cgroup is not mounted. Memory limited without swap.
[INFO] running `Command { std: "docker" "start" "-a" "c6a24fd783b72ec1729c9b825e4b0310b2ebdf5ce25174097cd1776642cb348c", kill_on_drop: false }`
[INFO] running `Command { std: "docker" "inspect" "c6a24fd783b72ec1729c9b825e4b0310b2ebdf5ce25174097cd1776642cb348c", kill_on_drop: false }`
[INFO] running `Command { std: "docker" "rm" "-f" "c6a24fd783b72ec1729c9b825e4b0310b2ebdf5ce25174097cd1776642cb348c", kill_on_drop: false }`
[INFO] [stdout] c6a24fd783b72ec1729c9b825e4b0310b2ebdf5ce25174097cd1776642cb348c
[INFO] running `Command { std: "docker" "create" "-v" "/var/lib/crater-agent-workspace/builds/worker-12/target:/opt/rustwide/target:rw,Z" "-v" "/var/lib/crater-agent-workspace/builds/worker-12/source:/opt/rustwide/workdir:ro,Z" "-v" "/var/lib/crater-agent-workspace/cargo-home:/opt/rustwide/cargo-home:ro,Z" "-v" "/var/lib/crater-agent-workspace/rustup-home:/opt/rustwide/rustup-home:ro,Z" "-e" "SOURCE_DIR=/opt/rustwide/workdir" "-e" "CARGO_TARGET_DIR=/opt/rustwide/target" "-e" "CARGO_INCREMENTAL=0" "-e" "RUST_BACKTRACE=full" "-e" "RUSTFLAGS=--cap-lints=forbid" "-e" "CARGO_HOME=/opt/rustwide/cargo-home" "-e" "RUSTUP_HOME=/opt/rustwide/rustup-home" "-w" "/opt/rustwide/workdir" "-m" "1610612736" "--user" "0:0" "--network" "none" "rustops/crates-build-env@sha256:d92eaeed33fa75130ca1ee6c8a01d1ffb62bac859dfdfb3450e3e5d1c0146529" "/opt/rustwide/cargo-home/bin/cargo" "+af3c6e733a40e671550e0f0f5aeecaa13772ba56" "check" "--frozen" "--all" "--all-targets" "--message-format=json", kill_on_drop: false }`
[INFO] [stdout] bb18f4d7716c4d8406a3f2dbe2e37fd2a9ce888f01759f4747f2ec641e5f348d
[INFO] [stderr] WARNING: Your kernel does not support swap limit capabilities or the cgroup is not mounted. Memory limited without swap.
[INFO] running `Command { std: "docker" "start" "-a" "bb18f4d7716c4d8406a3f2dbe2e37fd2a9ce888f01759f4747f2ec641e5f348d", kill_on_drop: false }`
[INFO] [stderr] warning: dependency (intcode) specified without providing a local path, Git repository, or version to use. This will be considered an error in future versions
[INFO] [stderr]     Checking either v1.6.0
[INFO] [stderr]     Checking intcode v0.3.2
[INFO] [stderr]     Checking itertools v0.8.2
[INFO] [stderr]     Checking aoc19 v0.1.0 (/opt/rustwide/workdir)
[INFO] [stdout] error[E0432]: unresolved import `intcode::Intcode`
[INFO] [stdout]   --> src/main.rs:17:29
[INFO] [stdout]    |
[INFO] [stdout] 17 |     pub use intcode::{self, Intcode};
[INFO] [stdout]    |                             ^^^^^^^
[INFO] [stdout]    |                             |
[INFO] [stdout]    |                             no `Intcode` in the root
[INFO] [stdout]    |                             help: a similar name exists in the module: `IntcodeVM`
[INFO] [stdout] 
[INFO] [stdout] 
[INFO] [stdout] error[E0433]: failed to resolve: could not find `run` in `intcode`
[INFO] [stdout]  --> src/day2.rs:7:14
[INFO] [stdout]   |
[INFO] [stdout] 7 |     intcode::run::headless(&mut intcode)?;
[INFO] [stdout]   |              ^^^ could not find `run` in `intcode`
[INFO] [stdout] 
[INFO] [stdout] 
[INFO] [stdout] error[E0433]: failed to resolve: could not find `run` in `intcode`
[INFO] [stdout]   --> src/day2.rs:19:22
[INFO] [stdout]    |
[INFO] [stdout] 19 |             intcode::run::headless(&mut intcode)?;
[INFO] [stdout]    |                      ^^^ could not find `run` in `intcode`
[INFO] [stdout] 
[INFO] [stdout] 
[INFO] [stdout] error[E0433]: failed to resolve: could not find `run` in `intcode`
[INFO] [stdout]  --> src/day5.rs:6:14
[INFO] [stdout]   |
[INFO] [stdout] 6 |     intcode::run::to_completion(&mut intcode, &mut vec![1], &mut output)?;
[INFO] [stdout]   |              ^^^ could not find `run` in `intcode`
[INFO] [stdout] 
[INFO] [stdout] 
[INFO] [stdout] error[E0433]: failed to resolve: could not find `run` in `intcode`
[INFO] [stdout]   --> src/day5.rs:13:14
[INFO] [stdout]    |
[INFO] [stdout] 13 |     intcode::run::to_completion(&mut intcode, &mut vec![5], &mut output)?;
[INFO] [stdout]    |              ^^^ could not find `run` in `intcode`
[INFO] [stdout] 
[INFO] [stdout] 
[INFO] [stdout] error[E0433]: failed to resolve: could not find `run` in `intcode`
[INFO] [stdout]   --> src/day7.rs:20:22
[INFO] [stdout]    |
[INFO] [stdout] 20 |             intcode::run::to_completion(&mut intcode, &mut input, &mut output)?;
[INFO] [stdout]    |                      ^^^ could not find `run` in `intcode`
[INFO] [stdout] 
[INFO] [stdout] 
[INFO] [stdout] error[E0433]: failed to resolve: could not find `run` in `intcode`
[INFO] [stdout]   --> src/day7.rs:71:32
[INFO] [stdout]    |
[INFO] [stdout] 71 |                 match intcode::run::until_output(amp, input)? {
[INFO] [stdout]    |                                ^^^ could not find `run` in `intcode`
[INFO] [stdout] 
[INFO] [stdout] 
[INFO] [stdout] error[E0433]: failed to resolve: could not find `run` in `intcode`
[INFO] [stdout]  --> src/day9.rs:6:14
[INFO] [stdout]   |
[INFO] [stdout] 6 |     intcode::run::to_completion(&mut intcode, &mut vec![1], &mut output)?;
[INFO] [stdout]   |              ^^^ could not find `run` in `intcode`
[INFO] [stdout] 
[INFO] [stdout] 
[INFO] [stdout] error[E0433]: failed to resolve: could not find `run` in `intcode`
[INFO] [stdout]   --> src/day9.rs:13:14
[INFO] [stdout]    |
[INFO] [stdout] 13 |     intcode::run::to_completion(&mut intcode, &mut vec![2], &mut output)?;
[INFO] [stdout]    |              ^^^ could not find `run` in `intcode`
[INFO] [stdout] 
[INFO] [stdout] 
[INFO] [stdout] error[E0433]: failed to resolve: could not find `run` in `intcode`
[INFO] [stdout]   --> src/day11.rs:15:38
[INFO] [stdout]    |
[INFO] [stdout] 15 |     while let Some(color) = intcode::run::until_output(intcode, input)? {
[INFO] [stdout]    |                                      ^^^ could not find `run` in `intcode`
[INFO] [stdout] 
[INFO] [stdout] 
[INFO] [stdout] error[E0433]: failed to resolve: could not find `run` in `intcode`
[INFO] [stdout]   --> src/day11.rs:20:22
[INFO] [stdout]    |
[INFO] [stdout] 20 |             intcode::run::until_output(intcode, input)?.ok_or("malfunctioning intcode program")?;
[INFO] [stdout]    |                      ^^^ could not find `run` in `intcode`
[INFO] [stdout] 
[INFO] [stdout] 
[INFO] [stdout] error[E0433]: failed to resolve: could not find `run` in `intcode`
[INFO] [stdout]   --> src/day13.rs:34:26
[INFO] [stdout]    |
[INFO] [stdout] 34 |         let x = intcode::run::until_output(intcode, input)?;
[INFO] [stdout]    |                          ^^^ could not find `run` in `intcode`
[INFO] [stdout] 
[INFO] [stdout] 
[INFO] [stdout] error[E0433]: failed to resolve: could not find `run` in `intcode`
[INFO] [stdout]   --> src/day13.rs:45:22
[INFO] [stdout]    |
[INFO] [stdout] 45 |             intcode::run::until_output(intcode, input)?.ok_or("malfunctioning intcode program")?;
[INFO] [stdout]    |                      ^^^ could not find `run` in `intcode`
[INFO] [stdout] 
[INFO] [stdout] 
[INFO] [stdout] error[E0433]: failed to resolve: could not find `run` in `intcode`
[INFO] [stdout]   --> src/day13.rs:47:22
[INFO] [stdout]    |
[INFO] [stdout] 47 |             intcode::run::until_output(intcode, input)?.ok_or("malfunctioning intcode program")?;
[INFO] [stdout]    |                      ^^^ could not find `run` in `intcode`
[INFO] [stdout] 
[INFO] [stdout] 
[INFO] [stdout] error[E0433]: failed to resolve: could not find `run` in `intcode`
[INFO] [stdout]    --> src/day15.rs:120:31
[INFO] [stdout]     |
[INFO] [stdout] 120 |         let output = intcode::run::until_output(intcode, input)?.ok_or("malfunctioning intcode")?;
[INFO] [stdout]     |                               ^^^ could not find `run` in `intcode`
[INFO] [stdout] 
[INFO] [stdout] 
[INFO] [stdout] error[E0432]: unresolved import `intcode::Intcode`
[INFO] [stdout]   --> src/main.rs:17:29
[INFO] [stdout]    |
[INFO] [stdout] 17 |     pub use intcode::{self, Intcode};
[INFO] [stdout]    |                             ^^^^^^^
[INFO] [stdout]    |                             |
[INFO] [stdout]    |                             no `Intcode` in the root
[INFO] [stdout]    |                             help: a similar name exists in the module: `IntcodeVM`
[INFO] [stdout] 
[INFO] [stdout] 
[INFO] [stdout] error[E0433]: failed to resolve: could not find `run` in `intcode`
[INFO] [stdout]  --> src/day2.rs:7:14
[INFO] [stdout]   |
[INFO] [stdout] 7 |     intcode::run::headless(&mut intcode)?;
[INFO] [stdout]   |              ^^^ could not find `run` in `intcode`
[INFO] [stdout] 
[INFO] [stdout] 
[INFO] [stdout] error[E0433]: failed to resolve: could not find `run` in `intcode`
[INFO] [stdout]   --> src/day2.rs:19:22
[INFO] [stdout]    |
[INFO] [stdout] 19 |             intcode::run::headless(&mut intcode)?;
[INFO] [stdout]    |                      ^^^ could not find `run` in `intcode`
[INFO] [stdout] 
[INFO] [stdout] 
[INFO] [stdout] error[E0433]: failed to resolve: could not find `run` in `intcode`
[INFO] [stdout]  --> src/day5.rs:6:14
[INFO] [stdout]   |
[INFO] [stdout] 6 |     intcode::run::to_completion(&mut intcode, &mut vec![1], &mut output)?;
[INFO] [stdout]   |              ^^^ could not find `run` in `intcode`
[INFO] [stdout] 
[INFO] [stdout] 
[INFO] [stdout] error[E0433]: failed to resolve: could not find `run` in `intcode`
[INFO] [stdout]   --> src/day5.rs:13:14
[INFO] [stdout]    |
[INFO] [stdout] 13 |     intcode::run::to_completion(&mut intcode, &mut vec![5], &mut output)?;
[INFO] [stdout]    |              ^^^ could not find `run` in `intcode`
[INFO] [stdout] 
[INFO] [stdout] 
[INFO] [stdout] error[E0433]: failed to resolve: could not find `run` in `intcode`
[INFO] [stdout]   --> src/day7.rs:20:22
[INFO] [stdout]    |
[INFO] [stdout] 20 |             intcode::run::to_completion(&mut intcode, &mut input, &mut output)?;
[INFO] [stdout]    |                      ^^^ could not find `run` in `intcode`
[INFO] [stdout] 
[INFO] [stdout] 
[INFO] [stdout] error[E0433]: failed to resolve: could not find `run` in `intcode`
[INFO] [stdout]   --> src/day7.rs:71:32
[INFO] [stdout]    |
[INFO] [stdout] 71 |                 match intcode::run::until_output(amp, input)? {
[INFO] [stdout]    |                                ^^^ could not find `run` in `intcode`
[INFO] [stdout] 
[INFO] [stdout] 
[INFO] [stdout] error[E0433]: failed to resolve: could not find `run` in `intcode`
[INFO] [stdout]  --> src/day9.rs:6:14
[INFO] [stdout]   |
[INFO] [stdout] 6 |     intcode::run::to_completion(&mut intcode, &mut vec![1], &mut output)?;
[INFO] [stdout]   |              ^^^ could not find `run` in `intcode`
[INFO] [stdout] 
[INFO] [stdout] 
[INFO] [stdout] error[E0433]: failed to resolve: could not find `run` in `intcode`
[INFO] [stdout]   --> src/day9.rs:13:14
[INFO] [stdout]    |
[INFO] [stdout] 13 |     intcode::run::to_completion(&mut intcode, &mut vec![2], &mut output)?;
[INFO] [stdout]    |              ^^^ could not find `run` in `intcode`
[INFO] [stdout] 
[INFO] [stdout] 
[INFO] [stdout] error[E0433]: failed to resolve: could not find `run` in `intcode`
[INFO] [stdout]   --> src/day11.rs:15:38
[INFO] [stdout]    |
[INFO] [stdout] 15 |     while let Some(color) = intcode::run::until_output(intcode, input)? {
[INFO] [stdout]    |                                      ^^^ could not find `run` in `intcode`
[INFO] [stdout] 
[INFO] [stdout] 
[INFO] [stdout] error[E0433]: failed to resolve: could not find `run` in `intcode`
[INFO] [stdout]   --> src/day11.rs:20:22
[INFO] [stdout]    |
[INFO] [stdout] 20 |             intcode::run::until_output(intcode, input)?.ok_or("malfunctioning intcode program")?;
[INFO] [stdout]    |                      ^^^ could not find `run` in `intcode`
[INFO] [stdout] 
[INFO] [stdout] 
[INFO] [stdout] error[E0433]: failed to resolve: could not find `run` in `intcode`
[INFO] [stdout]   --> src/day13.rs:34:26
[INFO] [stdout]    |
[INFO] [stdout] 34 |         let x = intcode::run::until_output(intcode, input)?;
[INFO] [stdout]    |                          ^^^ could not find `run` in `intcode`
[INFO] [stdout] 
[INFO] [stdout] 
[INFO] [stdout] error[E0433]: failed to resolve: could not find `run` in `intcode`
[INFO] [stdout]   --> src/day13.rs:45:22
[INFO] [stdout]    |
[INFO] [stdout] 45 |             intcode::run::until_output(intcode, input)?.ok_or("malfunctioning intcode program")?;
[INFO] [stdout]    |                      ^^^ could not find `run` in `intcode`
[INFO] [stdout] 
[INFO] [stdout] 
[INFO] [stdout] error[E0433]: failed to resolve: could not find `run` in `intcode`
[INFO] [stdout]   --> src/day13.rs:47:22
[INFO] [stdout]    |
[INFO] [stdout] 47 |             intcode::run::until_output(intcode, input)?.ok_or("malfunctioning intcode program")?;
[INFO] [stdout]    |                      ^^^ could not find `run` in `intcode`
[INFO] [stdout] 
[INFO] [stdout] 
[INFO] [stdout] error[E0433]: failed to resolve: could not find `run` in `intcode`
[INFO] [stdout]    --> src/day15.rs:120:31
[INFO] [stdout]     |
[INFO] [stdout] 120 |         let output = intcode::run::until_output(intcode, input)?.ok_or("malfunctioning intcode")?;
[INFO] [stdout]     |                               ^^^ could not find `run` in `intcode`
[INFO] [stdout] 
[INFO] [stdout] 
[INFO] [stdout] error: aborting due to 15 previous errors
[INFO] [stdout] 
[INFO] [stdout] 
[INFO] [stdout] Some errors have detailed explanations: E0432, E0433.
[INFO] [stdout] 
[INFO] [stdout] For more information about an error, try `rustc --explain E0432`.
[INFO] [stdout] 
[INFO] [stderr] error: could not compile `aoc19`.
[INFO] [stderr] 
[INFO] [stderr] To learn more, run the command again with --verbose.
[INFO] [stderr] warning: build failed, waiting for other jobs to finish...
[INFO] [stdout] error: aborting due to 15 previous errors
[INFO] [stdout] 
[INFO] [stdout] 
[INFO] [stdout] Some errors have detailed explanations: E0432, E0433.
[INFO] [stdout] 
[INFO] [stdout] For more information about an error, try `rustc --explain E0432`.
[INFO] [stdout] 
[INFO] [stderr] error: build failed
[INFO] running `Command { std: "docker" "inspect" "bb18f4d7716c4d8406a3f2dbe2e37fd2a9ce888f01759f4747f2ec641e5f348d", kill_on_drop: false }`
[INFO] running `Command { std: "docker" "rm" "-f" "bb18f4d7716c4d8406a3f2dbe2e37fd2a9ce888f01759f4747f2ec641e5f348d", kill_on_drop: false }`
[INFO] [stdout] bb18f4d7716c4d8406a3f2dbe2e37fd2a9ce888f01759f4747f2ec641e5f348d
